{"id":9,"date":"2024-04-21T14:12:48","date_gmt":"2024-04-21T12:12:48","guid":{"rendered":"https:\/\/orth-com.de\/?page_id=9"},"modified":"2024-04-21T14:12:48","modified_gmt":"2024-04-21T12:12:48","slug":"allgemeine-geschaeftsbedingungen-fuer-den-shop","status":"publish","type":"page","link":"https:\/\/orth-com.de\/?page_id=9","title":{"rendered":"Allgemeine Gesch\u00e4ftsbedingungen f\u00fcr den Shop"},"content":{"rendered":"\n<p>Allgemeine Gesch\u00e4ftsbedingungen (AGB-Shop)<\/p>\n\n\n\n<div class=\"wp-block-group\"><div class=\"wp-block-group__inner-container is-layout-constrained wp-block-group-is-layout-constrained\">\n<p>I. Geltung<\/p>\n\n\n\n<p>Alle unsere Lieferungen und Leistungen erfolgen ausschlie\u00dflich auf der Grundlage dieser Verkaufs- und Lieferbedingungen. Von diesen Bedingungen abweichende Regelungen, insbesondere auch Gesch\u00e4ftsbedingungen des K\u00e4ufers, werden nur durch unsere schriftliche Best\u00e4tigung wirksam.<\/p>\n<\/div><\/div>\n\n\n\n<div class=\"wp-block-group\"><div class=\"wp-block-group__inner-container is-layout-constrained wp-block-group-is-layout-constrained\">\n<p>II. Vertragsabschluss<\/p>\n\n\n\n<p>1. Die in Prospekten oder \u00e4hnlichen Unterlagen enthaltenen und die mit einem sonstigen Angebot gemachten produktbeschreibenden Angaben wie Abbildungen, Zeichnungen, Beschreibungen, Ma\u00df-, Gewichts-, Leistungs- und Verbrauchsdaten sowie Angaben in Bezug auf die Verwendbarkeit von Ger\u00e4ten f\u00fcr neue Technologien sind freibleibend, soweit sie nicht ausdr\u00fccklich als verbindlich bezeichnet werden. Dies gilt insbesondere f\u00fcr den Fall von \u00c4nderungen und Verbesserungen, die dem technischen Fortschritt dienen. Geringe Abweichungen von solchen produktbeschreibenden Angaben gelten als genehmigt und ber\u00fchren nicht die Erf\u00fcllung von Vertr\u00e4gen, sofern sie f\u00fcr den K\u00e4ufer nicht unzumutbar sind.<br>2. Die vom K\u00e4ufer unterzeichnete Bestellung ist bindend, bei Bestellungen durch das Internet, ist die Absendung der Bestellung bindend. Wir sind berechtigt, das darin liegende Vertragsangebot innerhalb von vier Wochen durch Zusendung einer Auftragsbest\u00e4tigung anzunehmen. Auslieferungen und Rechnungserteilung stehen der schriftlichen Best\u00e4tigung gleich.<br>3. F\u00fcr zusammengestellte PC Systeme von Orth Communications gilt au\u00dferdem der Werkvertrag. Bei uns bestellte Komplettsysteme m\u00fcssen abgenommen werden.<\/p>\n<\/div><\/div>\n\n\n\n<div class=\"wp-block-group\"><div class=\"wp-block-group__inner-container is-layout-constrained wp-block-group-is-layout-constrained\">\n<p>III. Preise<\/p>\n\n\n\n<p>1. Die vereinbarten Preise verstehen sich ab dem Shop Betreiber und Inhaber des Shops ohne Installation, Schulung oder sonstige Nebenleistungen. Der Versand erfolgt nach unserer freien Wahl. Wir liefern in handels\u00fcblicher Verpackung; erforderliche Sonderverpackungen (z. B. seem\u00e4\u00dfige Verpackungen) gehen zu Lasten des K\u00e4ufers. Wir sind berechtigt, jedoch nicht verpflichtet, die Ware auf Rechnung des K\u00e4ufers zu versichern. Fracht- und kostenfreie Versendung erfolgt nur nach besonderer schriftlicher Vereinbarung.<br>2. Zahlungen f\u00fcr Bestellungen aus dem Internet erfolgen per Vorkasse oder Nachnahme. Ausnahme hiervon sind Lieferungen an Stamm-Kunden diese k\u00f6nnen nach Vereinbarung auch mit Rechnung bezahlt werden.<br>3. Keine Annahme von Euroschecks. Alle tats\u00e4chlichen Einziehungsspesen werden berechnet.<br>4. Ger\u00e4t der K\u00e4ufer mit der Zahlung in Verzug, berechnen wir vorbehaltlich der Geltendmachung weitergehender Rechte Verzugszinsen in H\u00f6he von 3 % \u00fcber dem jeweiligen Diskontsatz der Deutschen Bundesbank.<br>5. Ein Zur\u00fcckbehaltungsrecht steht dem K\u00e4ufer nur zu, soweit es auf demselben Vertragsverh\u00e4ltnis beruht. Der K\u00e4ufer kann nur mit Gegenforderungen aufrechnen, die entweder unbestritten oder rechtskr\u00e4ftig sind.<\/p>\n<\/div><\/div>\n\n\n\n<div class=\"wp-block-group\"><div class=\"wp-block-group__inner-container is-layout-constrained wp-block-group-is-layout-constrained\">\n<p>IV. Lieferung \/ Versand und Gefahren\u00fcbergang<\/p>\n\n\n\n<p>1. Im kaufm\u00e4nnischen Verkehr sind wir zu Teillieferungen berechtigt.<br>2. Geraten wir aus Gr\u00fcnden, die wir zu vertreten haben, in Verzug, so ist die Schadenersatzhaftung im Falle gew\u00f6hnlicher Fahrl\u00e4ssigkeit ausgeschlossen, sofern der Verzug nicht auf Verletzung wesentlicher Vertragspflichten beruhte.<br>3. Setzt der K\u00e4ufer uns, nachdem wir bereits in Verzug geraten sind, eine angemessene Nachfrist mit Ablehnungsandrohung, so ist er nach Ablauf dieser Nachfrist berechtigt, vom Vertrag zur\u00fcckzutreten oder Schadenersatz wegen Nichterf\u00fcllung zu verlangen, letzteres aber nur, wenn der Verzug auf Vorsatz oder grober Fahrl\u00e4ssigkeit oder im Falle leichter Fahrl\u00e4ssigkeit auf der Verletzung wesentlicher Vertragspflichten beruhte.<br>4. Kommt der K\u00e4ufer in Annahmeverzug oder verletzt er sonstige Mitwirkungspflichten, so sind wir berechtigt, den uns entstehenden Schaden einschlie\u00dflich etwaiger Mehraufwendungen zu verlangen. In diesem Fall geht auch die Gefahr eines zuf\u00e4lligen Unterganges oder einer zuf\u00e4lligen Verschlechterung der Kaufsache in dem Zeitpunkt auf den K\u00e4ufer \u00fcber, in dem dieser in Annahmeverzug ger\u00e4t.<br>5. Die Gefahr geht auf den K\u00e4ufer \u00fcber, sobald die Ware dem Transportunternehmer \u00fcbergeben worden ist oder zwecks Versendung unseren Gesch\u00e4ftssitz verlassen hat. Dies gilt auch dann, wenn www.Orth-Com.de \/ Th. Orth die Transportkosten \u00fcbernommen hat. Beanstandungen wegen Transportsch\u00e4den hat der K\u00e4ufer unmittelbar gegen\u00fcber dem Transportunternehmen innerhalb daf\u00fcr vorgesehenen Fristen geltend zu machen. Die gelieferte Ware ist sofort bei Anlieferung auf offensichtlichen Besch\u00e4digungen zu pr\u00fcfen. \u00c4u\u00dferlich nicht erkennbare Sch\u00e4den m\u00fcssen binnen 7 Tagen nach Annahme der Ware schriftlich angezeigt werden.<br>6. Die Kosten der R\u00fccksendung \u00fcbernimmt die Firma Orth Communications. Bei einer Bestellung bis zu einem Betrag von 40 Euro (Warenwert) tr\u00e4gt der K\u00e4ufer die regelm\u00e4\u00dfigen Kosten der R\u00fccksendung. Die Gefahr der R\u00fccksendung tr\u00e4gt bei Widerruf und R\u00fcckgabe die Firma Orth Communications. Diese Regelung gilt nur f\u00fcr Endverbraucher.<\/p>\n<\/div><\/div>\n\n\n\n<div class=\"wp-block-group\"><div class=\"wp-block-group__inner-container is-layout-constrained wp-block-group-is-layout-constrained\">\n<p>V. Eigentumsvorbehalt<\/p>\n\n\n\n<p>1. Alle unsere Lieferungen erfolgen unter Eigentumsvorbehalt. Im kaufm\u00e4nnischen Verkehr geht das Eigentum an der Kaufsache erst beim Eingang aller Zahlungen aus der laufenden Gesch\u00e4ftsbeziehung mit dem K\u00e4ufer \u00fcber.<br>2. Vor dem \u00dcbergang des Eigentums ist die Verpf\u00e4ndung oder Sicherungs\u00fcbereignung der Ware untersagt. Eine Weiterver\u00e4u\u00dferung ist nur im Rahmen eines ordnungsgem\u00e4\u00dfen Gesch\u00e4ftsganges gestattet. F\u00fcr den Fall der Weiterver\u00e4u\u00dferung der Vorbehaltsware tritt der K\u00e4ufer bereits jetzt seine Kaufpreisforderung gegen den Erwerber in voller H\u00f6he an uns ab.<br>3. Ist der K\u00e4ufer mit einer Zahlung ganz oder teilweise in Verzug, stellt er seine Zahlungen ein und ergeben sich sonst berechtigte Zweifel an seiner Zahlungsf\u00e4higkeit oder Kreditw\u00fcrdigkeit, so ist er nicht mehr berechtigt, \u00fcber die Ware zu verf\u00fcgen. Wir k\u00f6nnen in einem solchen Fall vom Vertrag zur\u00fccktreten und \/ oder die Einziehungsbefugnis des K\u00e4ufers gegen\u00fcber dem Warenempf\u00e4nger widerrufen. Wir sind dann berechtigt, Auskunft \u00fcber die Warenempf\u00e4nger zu verlangen, diese vom \u00dcbergang der Forderungen auf uns zu benachrichtigen und die Forderungen des K\u00e4ufers gegen die Warenempf\u00e4nger einzuziehen.<br>4. Soweit der Wert aller Sicherungsrechte, die uns nach diesen Bestimmungen zustehen, die H\u00f6he aller gesicherten Anspr\u00fcche um mehr als 25 % \u00fcbersteigt, werden wir auf Wunsch des K\u00e4ufers einen entsprechenden Teil der Sicherungsrechte freigeben.<br>5. Im kaufm\u00e4nnischen Verkehr ist die w\u00e4hrend der Dauer des Eigentumsvorbehaltes in unserem Eigentum stehende Ware vom K\u00e4ufer gegen Feuer, Wasser, Diebstahl und Einbruchsdiebstahl zu versichern. Die Rechte aus dieser Versicherung werden an uns abgetreten. Wir nehmen diese Abtretung an.<\/p>\n<\/div><\/div>\n\n\n\n<div class=\"wp-block-group\"><div class=\"wp-block-group__inner-container is-layout-constrained wp-block-group-is-layout-constrained\">\n<p>VI. Gew\u00e4hrleistung<\/p>\n\n\n\n<p>1. Im Falle von M\u00e4ngeln des Liefergegenstandes, zu denen auch das Fehlen zugesicherter Eigenschaften geh\u00f6rt, sind wir nach unserer Wahl berechtigt, den fehlerhaften Liefergegenstand auszubessern oder neu zu liefern. Der K\u00e4ufer ist bei Fehlschlagen der Nachbesserung oder Ersatzlieferung berechtigt, Herabsetzung der Verg\u00fctung (Minderung) oder R\u00fcckg\u00e4ngigmachung des Vertrages (Wandlung) zu verlangen.<br>2. Anspr\u00fcche des K\u00e4ufers auf Gew\u00e4hrleistung sind davon abh\u00e4ngig, dass der K\u00e4ufer offensichtliche M\u00e4ngel innerhalb von zwei Wochen und nicht offensichtliche M\u00e4ngel innerhalb von sechs Monaten nach Lieferung anzeigt. Die f\u00fcr Kaufleute geltenden Untersuchungs- und R\u00fcgepflichten gem\u00e4\u00df \u00a7\u00a7 377 und 378 HGB bleiben hiervon unber\u00fchrt.<br>3. Der K\u00e4ufer ist verpflichtet, uns die \u00dcberpr\u00fcfung des fehlerhaften Liefergegenstandes nach unserer Wahl beim K\u00e4ufer oder bei uns zu gestatten. Sofern der K\u00e4ufer uns die \u00dcberpr\u00fcfung verweigert, werden wir von der Gew\u00e4hrleistung befreit.<br>4. Die vorstehenden Bestimmungen in Ziffern 1 bis 3 Satz 1 gelten entsprechend f\u00fcr solche Anspr\u00fcche des K\u00e4ufers, die durch im Rahmen des Vertrages erfolgte Vorschl\u00e4ge oder Beratungen oder durch Verletzung von Aufkl\u00e4rungs-, Hinweis- und Beratungspflichten entstanden sind. Soweit dem K\u00e4ufer ein Anspruch auf Schadenersatz in Geld zusteht, wird dieser hierdurch nicht ber\u00fchrt.<br>5. Die Abtretung von Gew\u00e4hrleistungsanspr\u00fcchen an Dritte ist ausgeschlossen.<br>6. Verkauft der K\u00e4ufer die von uns gelieferten Gegenst\u00e4nde an Dritte, ist ihm untersagt, wegen der damit verbundenen gesetzlichen und \/ oder vertraglichen Gew\u00e4hrleistungsanspr\u00fcche auf uns zu verweisen.<br>7. Ist der K\u00e4ufer Kaufmann, ber\u00fchren Mangelr\u00fcgen die F\u00e4lligkeit des Kaufpreisanspruches nicht, es sei denn, ihre Berechtigung sei durch uns schriftlich anerkannt oder sei rechtskr\u00e4ftig festgestellt.<br>8.1. Beanstandungen wegen Lieferumfang, Sachm\u00e4ngel, Falschlieferungen und Mengenabweichungen sind, soweit diese durch zumutbare Untersuchung feststellbar sind, unverz\u00fcglich, sp\u00e4testens jedoch binnen 3 Tage nach Erhalt der Ware schriftlich per E-Mail oder Fax geltend zu machen.<br>8.2. Bei berechtigten Beanstandungen wird www.Orth-Com.de \/ Th. Orth Fehlmengen nachliefern und im \u00dcbrigen unter Vorbehalt des Ausschlusses nach ihrer Wahl die Ware umtauschen, sie zur\u00fccknehmen, nachbessern oder dem K\u00e4ufer einen Preisnachlass einr\u00e4umen.<br>8.3. Diese Regelungen gelten auch f\u00fcr Gebrauchtwaren. Gebrauchte Ware wird einer ein J\u00e4hrigen Gew\u00e4hrleistung verkauft.<br>8.4. In Falle einer M\u00e4ngelr\u00fcge har der K\u00e4ufer das entsprechende Ger\u00e4t mit einer m\u00f6glichst genauen Fehlerbeschreibung, einer Kopie der Rechnung und in der Originalverpackung an uns zu \u00fcbermitteln. Die Originalverpackung darf nicht als Versandverpackung verwendet werden.<br>8.5. Bei Verdacht auf Transportsch\u00e4den oder auf fehlende Ware, ist die Versandverpackung zur Ansicht durch einen Gutachter aufzubewahren. Vor Einsendung der bem\u00e4ngelten Ware hat der K\u00e4ufer auf eigene Kosten eine Datensicherung vorzunehmen.<br>8.6. www.Orth-Com.de \/ Th. Orth beh\u00e4lt sich Abweichungen von Shop- und\/oder Prospektabbildungen vor. Diese Abweichungen wie auch handels\u00fcbliche Abweichungen hinsichtlich Farbe, Menge oder Gewicht gelten nicht als M\u00e4ngel und l\u00f6sen keine Gew\u00e4hrleistungsanspr\u00fcche aus.<br>8.7. Schadenersatzanspr\u00fcche gegen www.Orth-Com.de \/ Th. Orth bzw. gegen unsere Mitarbeiter sind ausgeschlossen, sofern der Schaden nicht vors\u00e4tzlich oder grob fahrl\u00e4ssig verursacht worden ist. Dieser Haftungsausschluss gilt nicht bei Verletzungen von vertraglichen Hauptpflichten, bei fehlenden zugesicherten Eigenschaften oder bei Anspr\u00fcchen aus dem Produkthaftungsgesetz.<br>8.8. Die Gew\u00e4hrleistungspflicht betr\u00e4gt 24 Monate.<\/p>\n<\/div><\/div>\n\n\n\n<div class=\"wp-block-group\"><div class=\"wp-block-group__inner-container is-layout-constrained wp-block-group-is-layout-constrained\">\n<p>VII. Schadenersatz<\/p>\n\n\n\n<p>1. Im kaufm\u00e4nnischen Verkehr haften wir nur auf Ersatz des vorhersehbaren Schadens, soweit dieser leicht fahrl\u00e4ssig verursacht wurde.<br>2. F\u00fcr die Wiederbeschaffung von Daten haften wir nicht, es sei denn, dass wir deren Vernichtung vors\u00e4tzlich oder grob fahrl\u00e4ssig verursacht haben und der K\u00e4ufer sichergestellt hat, dass die Daten aus Datenmaterial, das in maschinenlesbarer Form bereitgehalten wird, mit vertretbarem Aufwand rekonstruiert werden k\u00f6nnen.<br>3. Soweit unsere Haftung ausgeschlossen oder beschr\u00e4nkt ist, gilt dies auch f\u00fcr die pers\u00f6nliche Haftung unserer Angestellten, Arbeitnehmer, Mitarbeiter, Vertreter und Erf\u00fcllungsgehilfen.<br>VIII. Erf\u00fcllungsort, Gerichtsstand und Rechtsordnung<br>1. F\u00fcr Vertr\u00e4ge mit Vollkaufleuten wird als Erf\u00fcllungsort f\u00fcr Lieferung und Zahlung sowie Gerichtsstand des Shop Betreibers vereinbart, mit der Ma\u00dfgabe, dass wir berechtigt sind, auch am Ort des Sitzes oder einer Niederlassung des K\u00e4ufers zu klagen.<br>2. Hat der K\u00e4ufer keinen allgemeinen Gerichtsstand im Inland oder verlegt er nach Vertragsabschluss seinen Wohnsitz oder gew\u00f6hnlichen Aufenthaltsort aus dem Geltungsbereich der Bundesrepublik Deutschland, ist unser Gesch\u00e4ftssitz Gerichtsstand. Dies gilt auch, falls Wohnsitz oder gew\u00f6hnlicher Aufenthalt des K\u00e4ufers im Zeitpunkt der Klageerhebung nicht bekannt sind.<br>3. Es gilt das Recht der Bundesrepublik Deutschland. Die Bestimmungen des UN-Kaufrechts gelten im Verh\u00e4ltnis zwischen uns und dem K\u00e4ufer nicht.<\/p>\n<\/div><\/div>\n\n\n\n<div class=\"wp-block-group\"><div class=\"wp-block-group__inner-container is-layout-constrained wp-block-group-is-layout-constrained\">\n<p>IX. Software<\/p>\n\n\n\n<p>F\u00fcr die Lieferung von Software gelten dar\u00fcber hinaus die dem Datentr\u00e4ger beiliegenden oder auf diesem befindlichen Bedingungen. Der K\u00e4ufer erkennt die Geltung dieser Bedingungen durch die \u00d6ffnung des versiegelten Datentr\u00e4gers ausdr\u00fccklich an. Der K\u00e4ufer, der die Bedingungen nicht anerkennen will, hat die unge\u00f6ffneten Datentr\u00e4ger mit allen zugeh\u00f6rigen Teilen unverz\u00fcglich im Gesch\u00e4ft zur\u00fcckzugeben, wo das Produkt erworben wurde, oder die Software unverz\u00fcglich zu l\u00f6schen, falls diese durch unmittelbare Installation auf der Festplatte des Computers geliefert wurde.<\/p>\n<\/div><\/div>\n\n\n\n<div class=\"wp-block-group\"><div class=\"wp-block-group__inner-container is-layout-constrained wp-block-group-is-layout-constrained\">\n<p>X. Sonstige Vereinbarungen<\/p>\n\n\n\n<p>Sollten einzelne Bestimmungen dieser Gesch\u00e4ftsbedingungen ganz oder teilweise unwirksam sein oder werden, so wird die G\u00fcltigkeit der \u00fcbrigen Bedingungen dadurch nicht ber\u00fchrt.<\/p>\n<\/div><\/div>\n\n\n\n<div class=\"wp-block-group\"><div class=\"wp-block-group__inner-container is-layout-constrained wp-block-group-is-layout-constrained\">\n<p><strong>Orth Communications<\/strong><br>Cafestrasse 6, 91275 Auerbach in der Oberpfalz, Germany<br>+49-9643-9 18 04 36<\/p>\n\n\n\n<p>Copyright (c) Orth Communications\u00a0<a href=\"https:\/\/Orth-Com.de\" target=\"_blank\" rel=\"noreferrer noopener\">https:\/\/Orth-Com.de<\/a><\/p>\n<\/div><\/div>\n","protected":false},"excerpt":{"rendered":"<p>Allgemeine Gesch\u00e4ftsbedingungen (AGB-Shop) I. Geltung Alle unsere Lieferungen und Leistungen erfolgen ausschlie\u00dflich auf der Grundlage dieser Verkaufs- und Lieferbedingungen. Von diesen Bedingungen abweichende Regelungen, insbesondere auch Gesch\u00e4ftsbedingungen des K\u00e4ufers, werden nur durch unsere schriftliche Best\u00e4tigung wirksam. II. Vertragsabschluss 1. Die in Prospekten oder \u00e4hnlichen Unterlagen enthaltenen und die mit einem sonstigen Angebot gemachten produktbeschreibenden Angaben [&hellip;]<\/p>\n","protected":false},"author":1,"featured_media":0,"parent":0,"menu_order":0,"comment_status":"closed","ping_status":"closed","template":"","meta":{"footnotes":""},"class_list":["post-9","page","type-page","status-publish","hentry","entry"],"_links":{"self":[{"href":"https:\/\/orth-com.de\/index.php?rest_route=\/wp\/v2\/pages\/9","targetHints":{"allow":["GET"]}}],"collection":[{"href":"https:\/\/orth-com.de\/index.php?rest_route=\/wp\/v2\/pages"}],"about":[{"href":"https:\/\/orth-com.de\/index.php?rest_route=\/wp\/v2\/types\/page"}],"author":[{"embeddable":true,"href":"https:\/\/orth-com.de\/index.php?rest_route=\/wp\/v2\/users\/1"}],"replies":[{"embeddable":true,"href":"https:\/\/orth-com.de\/index.php?rest_route=%2Fwp%2Fv2%2Fcomments&post=9"}],"version-history":[{"count":1,"href":"https:\/\/orth-com.de\/index.php?rest_route=\/wp\/v2\/pages\/9\/revisions"}],"predecessor-version":[{"id":10,"href":"https:\/\/orth-com.de\/index.php?rest_route=\/wp\/v2\/pages\/9\/revisions\/10"}],"wp:attachment":[{"href":"https:\/\/orth-com.de\/index.php?rest_route=%2Fwp%2Fv2%2Fmedia&parent=9"}],"curies":[{"name":"wp","href":"https:\/\/api.w.org\/{rel}","templated":true}]}}